?
-1a
In base 11, what is 18 + 167?
184
In base 13, what is -1a - -16?
-4
In base 6, what is 5 + 20?
25
In base 8, what is -27 + -4?
-33
In base 16, what is -1e - 8?
-26
In base 7, what is 136 + 5?
144
In base 2, what is 11100 + 1?
11101
In base 2, what is 10 + -1000100011?
-1000100001
In base 13, what is 0 + 462?
462
In base 5, what is -33422 + 0?
-33422
In base 3, what is 121 + 202?
1100
In base 3, what is -2000201021 - -12?
-2000201002
In base 9, what is 387 - 5?
382
In base 8, what is -3 - -273?
270
In base 5, what is -32 + 34?
2
In base 10, what is 1118 - -11?
1129
In base 14, what is 53 - -4?
57
In base 15, what is -1 + -31?
-32
In base 3, what is -1 - -2101?
2100
In base 15, what is 4 - 8c?
-88
In base 10, what is -2035 + 5?
-2030
In base 7, what is 2 + -465?
-463
In base 5, what is 3 + -300?
-242
In base 5, what is -14 - 0?
-14
In base 11, what is -2a9 + 17?
-292
In base 13, what is -2 - -bb?
b9
In base 4, what is -1302320 - 11?
-1302331
In base 10, what is 2407 + 1?
2408
In base 4, what is 231 + 2?
233
In base 4, what is 1 - 110?
-103
In base 13, what is 1 - -b06?
b07
In base 16, what is 7e + 148?
1c6
In base 11, what is 21 + -1a?
2
In base 15, what is -17b + -2?
-17d
In base 16, what is -b - 5d?
-68
In base 12, what is 52 - -10?
62
In base 15, what is c - 65?
-58
In base 10, what is 3 + -219?
-216
In base 2, what is -1000 - 10000?
-11000
In base 15, what is 0 - -117?
117
In base 13, what is -50 - 11?
-61
In base 13, what is -1155 + -5?
-115a
In base 8, what is -2726 - 5?
-2733
In base 3, what is 11 - -10?
21
In base 6, what is 13 - 1312?
-1255
In base 3, what is 2 + 10121?
10200
In base 8, what is -112 + -2?
-114
In base 9, what is 1 - -40?
41
In base 10, what is 17 - -57?
74
In base 12, what is -1b9 + 10?
-1a9
In base 14, what is 198 + 4?
19c
In base 11, what is -1 + -149?
-14a
In base 3, what is 101112 - -11?
101200
In base 4, what is 203 + 10?
213
In base 10, what is -16 + -13?
-29
In base 4, what is 31 - 2330?
-2233
In base 3, what is 222110 + 10?
222120
In base 13, what is b31 + 1?
b32
In base 12, what is 304 + 54?
358
In base 3, what is 1001 - -1201002?
1202010
In base 14, what is -3825 + -3?
-3828
In base 12, what is 0 - 43?
-43
In base 2, what is -11 + 11001111000?
11001110101
In base 4, what is 10 + -1232?
-1222
In base 12, what is 2463 + -5?
245a
In base 15, what is 9 - -6bb?
6c5
In base 11, what is aa5a - -1?
aa60
In base 5, what is -3441 - -10?
-3431
In base 16, what is -76 + -37?
-ad
In base 15, what is -38 + 0?
-38
In base 13, what is 4 + -c?
-8
In base 9, what is -22 + -18?
-41
In base 8, what is 5 + 354?
361
In base 13, what is c07 - 2?
c05
In base 13, what is -3 + 38?
35
In base 5, what is 104101 + 2?
104103
In base 15, what is -b6 - -7?
-ae
In base 9, what is -3 + 104?
101
In base 9, what is 1 - 25?
-24
In base 16, what is -b - 5ec?
-5f7
In base 14, what is 1c + -1?
1b
In base 11, what is -61 - -101?
50
In base 10, what is -3 - -22?
19
In base 12, what is 22 - -5?
27
In base 4, what is -133232 - -11?
-133221
In base 2, what is 100100 - -100100000?
101000100
In base 11, what is 60 - 47?
14
In base 3, what is 12 + -222?
-210
In base 15, what is 45 - -8?
4d
In base 15, what is -4 + -4?
-8
In base 15, what is 0 - 1a4?
-1a4
In base 2, what is -1111010 - 100?
-1111110
In base 14, what is 5 + 4b0?
4b5
In base 10, what is 15542 + -1?
15541
In base 12, what is 94 + -3?
91
In base 9, what is -2 - 1033?
-1035
In base 13, what is -72 + -2?
-74
In base 9, what is -13 - 233?
-246
In base 8, what is 3 + 155?
160
In base 9, what is -8 - 4?
-13
In base 11, what is -111 - 4?
-115
In base 15, what is 4 + ed?
102
In base 4, what is -210 + -11?
-221
In base 13, what is 42 + -7a?
-38
In base 10, what is -138 - 26?
-164
In base 6, what is 10 - -1211?
1221
In base 9, what is -3 - 37?
-41
In base 6, what is 4 + 10?
14
In base 15, what is 6d7 + 4?
6db
In base 3, what is 12 - -121210?
121222
In base 2, what is -1000111 + -11111110?
-101000101
In base 6, what is -524 + -1?
-525
In base 6, what is 14344 - 2?
14342
In base 16, what is 17 - -15?
2c
In base 14, what is 36 - -3?
39
In base 10, what is 746 + -2?
744
In base 16, what is 2 - 78?
-76
In base 12, what is a7 - -55?
140
In base 8, what is -1134 + -27?
-1163
In base 13, what is b74 - 6?
b6b
In base 10, what is -4 - -23?
19
In base 4, what is 10 - -13?
23
In base 8, what is 32 + 1?
33
In base 8, what is 4577 + 2?
4601
In base 2, what is -10001010000 - 101?
-10001010101
In base 5, what is -10 + 1003?
443
In base 15, what is 11a - 0?
11a
In base 3, what is 10 - -2022?
2102
In base 12, what is -14b + 3?
-148
In base 3, what is -1002 + -112?
-1121
In base 5, what is -2334 - 11?
-2400
In base 6, what is -25 - 5?
-34
In base 6, what is 3253 - 0?
3253
In base 13, what is -37b + -2?
-380
In base 16, what is -36c + -3?
-36f
In base 11, what is -152 - -5a?
-a3
In base 4, what is -121320 + 0?
-121320
In base 12, what is -39 + 3?
-36
In base 4, what is -21 + 1021?
1000
In base 16, what is 43c + 1?
43d
In base 5, what is -21131 - 2?
-21133
In base 3, what is -210220 + 2?
-210211
In base 8, what is -77 + -12?
-111
In base 16, what is -880 - -4?
-87c
In base 7, what is 1025 + -2?
1023
In base 13, what is -3 - -46?
43
In base 5, what is -32004 - 2?
-32011
In base 11, what is 2 + 284?
286
In base 3, what is -102 + -12212?
-20021
In base 10, what is -825 + -1?
-826
In base 3, what is 12010 + -1?
12002
In base 12, what is -3 - -202?
1bb
In base 2, what is -10001010101 - 100?
-10001011001
In base 5, what is -34 + 40?
1
In base 2, what is -1 + 111000?
110111
In base 11, what is 6 + 83?
89
In base 10, what is 6 - 283?
-277
In base 8, what is -103124 + -2?
-103126
In base 2, what is 100111 - 10011100?
-1110101
In base 7, what is -250 - -4?
-243
In base 6, what is 23 - 3?
20
In base 4, what is 2 + 3?
11
In base 10, what is -4345 - -1?
-4344
In base 2, what is 1101000111111 + 101?
1101001000100
In base 10, what is -1 - 539?
-540
In base 13, what is 1 - -36?
37
In base 2, what is -10100 - 11001?
-101101
In base 3, what is -2 + 1210121?
1210112
In base 7, what is 0 + -100?
-100
In base 10, what is 51 - -59?
110
In base 10, what is 25 + 23?
48
In base 10, what is -13 + -7?
-20
In base 15, what is -787 - 0?
-787
In base 10, what is -72 + -8?
-80
In base 10, what is -291 + 1?
-290
In base 11, what is 74 - -24?
98
In base 11, what is -3 + a?
7
In base 9, what is 108 - 6?
102
In base 12, what is 5 + -76?
-71
In base 12, what is 16 + 4?
1a
In base 12, what is -6 + 17?
11
In base 4, what is 212110 - 10?
212100
In base 14, what is 25c - 3?
259
In base 15, what is bc - -14?
d1
In base 12, what is b3 - 34?
7b
In base 5, what is -31 - 124?
-210
In base 6, what is 4 + 143?
151
In base 14, what is -db + 0?
-db
In base 16, what is -75 + c?
-69
In base 4, what is 12001 - -3?
12010
In base 7, what is 4 + 1221?
1225
In base 13, what is -12 - -5?
-a
In base 10, what is -31 - 9?
-40
In base 15, what is 9a - -8?
a3
In base 3, what is -100211 - -10?
-100201
In base 8, what is 0 + 212?
212
In base 7, what is -103 + -2?
-105
In base 14, what is -1 + 1c?
1b
In base 7, what is -21212 + -4?
-21216
In base 14, what is 3 - -26b?
270
In base 13, what is 4a1 + -4?
49a
In base 7, what is -1 + 10530?
10526
In base 14, what is 5 + 3c?
43
In base 9, what is -1383 + 2?
-1381
In base 16, what is 211 - 16?
1fb
In base 3, what is -1221002 + -102?
-1221111
In base 8, what is 7 - 2700?
-2671
In base 2, what is 11010 - 0?
11010
In base 13, what is -c - 1?
-10
In base 3, what is 1 - 1111?
-1110
In base 16, what is -ed49 + -1?
-ed4a
In base 5, what is 4 - -214?
223
In base 16, what is -5 + 32?
2d
In base 2, what is -11010011101 + 101?
-11010011000
In base 12, what is -3 - -5a?
57
In base 2, what is 11000011 - -10?
11000101
In base 16, what is -14b + 9?
-142
In base 6, what is -32 + -221?
-253
In base 8, what is 2 + 112?
114
In base 7, what is -5 + 4466?
4461
In base 7, what is -163 + -3?
-166
In base 7, what is 2 - 164?
-162
In base 13, what is 23 - 27?
-4
In base 16, what is -47c - -5?
-477
In base 10, what is 14 - -39?
53
In base 2, what is -1000011 + 0?
-1000011
In base 2, what is 111101001 - 10001?
111011000
In base 7, what is 1 + 100?
101
In base 2, what is -11 + -10000011100?
-10000011111
In base 4, what is -1312031 - 0?
-1312031
In base 16, what i